ainder when 30 is divided by j(i)?
14
Let x be -14*(15/2)/((-13)/(-26)). Let a = x - -399. What is the remainder when a is divided by 16?
13
Let k(z) = z**3 + 19*z**2 - 39. Let d be k(-18). Calculate the remainder when (-6)/(-12) - 3/(-6)*d is divided by 53.
37
Suppose -2*i = 2*b - 190, -4*b + 12*i - 17*i + 381 = 0. What is the remainder when b is divided by 26?
16
Suppose 0*h = 15*h - 45. Suppose -2*a + 5*p = -142 + 28, -p = 0. Suppose -h*k = -6*k + a. What is the remainder when 94 is divided by k?
18
Let n(j) = j**2 + 6*j - 2. Let a be n(-7). Suppose a*p - 14 = 1. Let c(y) = -1944*y + 13612. Calculate the remainder when c(7) is divided by p.
1
Let i = -1446 - -2601. Suppose 3*z + 4*t = 1179, 4*t + 0*t = 3*z - i. Calculate the remainder when z is divided by 39.
38
Suppose 40*w - 41*w = 9, g + 4*w - 276 = 0. Calculate the remainder when 18405 is divided by g.
309
Let o(s) = 2*s**3 + 8*s**2 + 3*s + 3. Let w be o(-6). Let p = 232 + w. Let d(k) = 18*k**2 - 19*k - 18. Calculate the remainder when p is divided by d(-1).
16
Suppose 5*s = 4*a - 807, -17*a + 1056 = -12*a - s. What is the remainder when a is divided by 7?
3
Suppose -b - 82 + 29 = 4*l, -l - 2 = 4*b. Calculate the remainder when 3010/21 - (l/(-6) - 2) is divided by 37.
32
Let z = -13103 + 13161. Calculate the remainder when z is divided by 11.
3
Suppose -3*z + 356 = 5*k, -17*k - z = -22*k + 348. Calculate the remainder when 555 + (5 - 2) + -1 is divided by k.
67
Let x = 162 + -63. Let a = x - 78. What is the remainder when 80 is divided by a?
17
Let k(d) = d**2 - 4*d + 6. Let v = 14558 + -14039. What is the remainder when v is divided by k(6)?
15
Let j(q) = -q**3 + 6*q**2 + 133*q - 88. What is the remainder when 655 is divided by j(14)?
37
Let d = 3500 + -3317. Suppose l - 4*t = 71, -5*t - 258 = -4*l - 2*t. Calculate the remainder when d is divided by l.
57
Let v = 197 + -194. Suppose -3*u + 443 = -s, 2*s + 458 = v*u - 2*s. Calculate the remainder when u is divided by 34.
10
Suppose -93*i + 96*i + 3 = 0. What is the remainder when (106/4)/((-3)/(-6)) is divided by ((-3 - -2)/i)/((-2)/(-54))?
26
Suppose -5*y = -52 - 158. Let b = -32716 - -32917. What is the remainder when b is divided by y?
33
Let l(v) = -v**3 - 19*v**2 - 38*v + 99. What is the remainder when 663 is divided by l(-17)?
162
Let y = -2201 + 2389. Let c(q) = -2*q + 16. What is the remainder when y is divided by c(-8)?
28
Let w(g) = 10*g**2 - 716*g - 123. Calculate the remainder when 7916 is divided by w(72).
161
Suppose 6*h - 44 = -5*z + 2*h, 3*z = 4*h + 20. Suppose -625 - 151 = z*o. Let u = o + 140. Calculate the remainder when u is divided by 23.
20
Let o = 23 + -15. Let i(m) = -m**3 + 6*m**2 + 17*m + 4. Let b be i(o). Let h(k) = k**3 - 11*k**2 - k + 1. Calculate the remainder when h(b) is divided by 34.
31
Suppose -648 = 5*w - 4*b - 2827, 0 = -4*w + 2*b + 1748. What is the remainder when 1326 is divided by w?
9
Let d = -1031 + 1053. What is the remainder when 279 is divided by d?
15
Let t(z) = -z**3 + 10*z**2 + 2*z - 14. Let g be t(10). Suppose g*a = 4*a + 68. Let i = -2989 + 2999. What is the remainder when a is divided by i?
4
Let z(v) = 3*v + 54. Let d be z(-20). Calculate the remainder when 15 is divided by 3/d + (-380)/(-40).
6
Let g = 505 + -504. Let k(l) = 15*l**2 - 10*l + 7. Suppose 6 = -2*m, 0 = 4*p - m - 185 - 198. Calculate the remainder when p is divided by k(g).
11
Let s(h) = -2 + 3*h**3 - 1 + 3*h + 3*h**3 - h**3. Let x be s(1). Suppose -q = 2*b - 27, x*q + 0*q + 45 = 5*b. What is the remainder when 56 is divided by b?
8
What is the remainder when 1272 is divided by (-18*(-2)/(-272) + (-50)/425)*-2524?
10
Suppose 4*m = 5*w + 460, -m + 136 = -0*m + 4*w. Calculate the remainder when 387 is divided by m.
27
Calculate the remainder when 37 is divided by 516/15 - 14/35.
3
Let z(i) = 6*i**2 + 61*i - 695. What is the remainder when z(10) is divided by 511?
4
Suppose -r = -i - 178, -5*r = i - 284 - 606. Calculate the remainder when 503 is divided by r.
147
Let l(r) be the first derivative of r**4/4 + 2*r**3/3 - 5*r**2/2 + 271*r + 104. What is the remainder when l(0) is divided by 68?
67
Let r(z) = 2*z**3 - 45*z**2 - 19*z - 88. Let i(m) = 7*m**2 + 2*m + 3. Calculate the remainder when i(-3) is divided by r(23).
0
Calculate the remainder when -18*(-3 + 0) + 1 is divided by ((-12)/5)/1*(-58940)/5052.
27
Let n be 0 - (2 - (2 + -1)). Let f be 16*(4 - 1)*n/(-6). Let p(q) = -q**2 + 10*q + 7. What is the remainder when p(f) is divided by 13?
10
Suppose 24 = 124*i - 112*i. What is the remainder when (-12)/(-5)*(92 - i) is divided by 20?
16
Suppose 28*i - 3212 + 5735 = 57*i. Let y = -61 + 88. Calculate the remainder when i is divided by y.
6
Let l(u) = u**3 + 8*u**2 + 8*u + 13. Let p be l(-7). Calculate the remainder when 402 is divided by (-5 + p)/((-188)/(-62) + -3).
30
Suppose -2*n + 189 = -9*n. Let t = n - -31. Suppose -4*g + 4*w + 53 + 3 = 0, -80 = -4*g - t*w. Calculate the remainder when g is divided by 10.
7
Let l(w) = 2*w**2 + 4*w + 8. Suppose 0 = 3*p + 1 + 5. Calculate the remainder when 87 is divided by l(p).
7
Suppose -3*z - 19 = 2*z - w, z = 3*w - 15. What is the remainder when ((-3)/(12/8))/(z/117) is divided by 3?
0
Let c = 8296 - 7858. Calculate the remainder when 883 is divided by c.
7
Let c be ((-2)/3)/(4/(-774)). Let l = 148 - c. Calculate the remainder when 74 is divided by l.
17
Let i(l) = -l**2 + 12*l + 136. Let p be i(19). What is the remainder when 10/(-2) + (p - -10) is divided by 3?
2
Suppose 0 = -5*f - 4*m + 174, 32*f = 37*f + 5*m - 170. What is the remainder when 411 is divided by f?
31
Let v(x) = x**2 + 67*x + 1871. Calculate the remainder when v(-27) is divided by 101.
84
Suppose 23591 - 23799 = -16*h. What is the remainder when h is divided by 4?
1
Suppose -5*f - 2*q = 4 - 71, -4*q + 29 = 3*f. Let w(o) = 3*o**2 + 3*o. Let n be w(-1). Suppose n = 5*c + 94 - 389. What is the remainder when c is divided by f?
14
Suppose 3*d + 29 - 113 = 0. Suppose 15*c = 18*c + 24, -5*c = 3*l - 269. What is the remainder when l is divided by d?
19
Let s = 60 + -61. Calculate the remainder when 30 is divided by (0 - 2*s) + -16 + 25.
8
Let r(m) = m**3 + 15*m**2 - 20*m - 2. Let s be (-54)/(-14) - (-3)/21. What is the remainder when r(-16) is divided by 1/(1/s)*(-11)/(-2)?
18
Let j = 1024 - 980. Let h(k) = 2*k**2 - 9*k + 4. Let w be h(6). Suppose 0 = -5*l + 82 - w. Calculate the remainder when j is divided by l.
8
Let h be 1*(-2)/(-10) + (-28853)/215. Let s = h + 168. Calculate the remainder when 64 is divided by s.
30
Suppose -788 = -13*s + 1396. Suppose 148 + 23 = 9*z. Suppose 15*j + s = z*j. Calculate the remainder when j is divided by 16.
10
Let h be (-4)/22 - 4/(-88)*356. Suppose k + h + 5 = 0. Let i(y) = y**3 + 21*y**2 + 10. What is the remainder when 28 is divided by i(k)?
8
Let f = 37 + -68. Let w = 2 - 19. Let r = w - f. Calculate the remainder when 54 is divided by r.
12
Let m(c) = c**3 + 17*c**2 - 21*c + 9. Suppose 5*a - 11*z + 90 = -8*z, -2*a = -4*z + 36. Calculate the remainder when m(a) is divided by 11.
8
Calculate the remainder when 211 is divided by (-9)/(-21) - 73458/(-441).
44
What is the remainder when 5 + 741 + 2 + 10 is divided by 10?
8
Suppose -11*a + 6*a - 23473 = -4*p, -13*a - 23417 = -4*p. Calculate the remainder when p is divided by 42.
39
Suppose -1974*b = -2036*b + 930. Calculate the remainder when (-6)/(3/(-14) + 0) is divided by b.
13
Suppose -183*m + 61*m + 3768 = 35*m. What is the remainder when 118 is divided by m?
22
Let z = -4780 + 4835. Calculate the remainder when z is divided by 49.
6
Suppose -1564*o = -1570*o + 8382. Calculate the remainder when o is divided by 14.
11
Suppose 4*u = a + 281, u + 2*u - 2*a - 217 = 0. What is the remainder when 541 is divided by u?
58
Suppose -v + 16 = 3*v. Suppose -v*h = -3*h - 32. Calculate the remainder when 93 - (90/9 - (11 - 0)) is divided by h.
30
Let f = 13254 - 13162. What is the remainder when 685 is divided by f?
41
Let i = -2243 - -2349. Calculate the remainder when i is divided by 46.
14
Suppose 2 = a, 17*n = 15*n - a + 20. What is the remainder when 124 is divided by n?
7
Let v = -95 + 98. Suppose 5*u = 4*d - 343, u + 2*u = v*d - 258. Suppose -2*i + 17 = y, 4 = y - 4*i - 1. Calculate the remainder when d is divided by y.
9
Let p(c) be